e remainder when 1279 is divided by z?
15
Suppose 8245 + 11730 = 25*z. What is the remainder when z is divided by 22?
7
Calculate the remainder when 2498 is divided by (427/3)/(5341/2289).
58
Suppose -5*g - 2223 = -18*g. Let t = 175 - g. What is the remainder when 19 is divided by t?
3
Suppose y = 6, -2*f = 367*y - 363*y - 376. Calculate the remainder when f is divided by 44.
0
Let s(c) be the third derivative of -c**5/60 - c**4/4 + 20*c**3/3 - 37*c**2. What is the remainder when s(0) is divided by 7?
5
Let x(y) = y**3 + 113*y**2 - 121*y + 564. What is the remainder when x(-114) is divided by 94?
46
Let k = -97 - -122. Let g(q) = q**2 + 4*q + 1. Let z be 9/((-18)/(-20)) + -2. What is the remainder when g(z) is divided by k?
22
Let w = -15200 - -16099. Calculate the remainder when w is divided by 26.
15
Calculate the remainder when 28637/3 + 8608/(-3228) is divided by 8.
7
Let b(x) = 53*x - 2750. Calculate the remainder when 10839 is divided by b(57).
270
Let w = -19 + 13. Let v(y) = 16*y - 113. What is the remainder when v(8) is divided by 24/4*w/(-4)?
6
Suppose -5*j = 0, 6*j - 4*j = i - 3. Let p = -9 + 12. Calculate the remainder when 238/(-21)*p/(-2) is divided by i.
2
Let d(s) = s**3 - s**2 + s + 31. Let m = 360 + -263. Suppose -21*n + 155 = -m. Calculate the remainder when d(0) is divided by n.
7
Let p = 39044 - 39021. Calculate the remainder when 3820 is divided by p.
2
Suppose 0 = -c - 21*l + 25*l + 824, 2427 = 3*c - 3*l. Calculate the remainder when c is divided by 262.
18
Suppose -5*n - 4*q = -8, -n - 6 = -5*q + 2*q. Suppose n = 7*c + 788 - 4631. Suppose 4*g + 101 - c = 0. Calculate the remainder when g is divided by 38.
36
Let b(v) = 5*v**2 - 14*v + 34. Let w(s) = 9*s + 30. Let l be w(-3). What is the remainder when 138 is divided by b(l)?
27
Suppose 2*i + r - 125 = 0, -8*i + 11*i - 2*r - 191 = 0. What is the remainder when 4470 is divided by i?
60
Let z be 18/4 - 1/2. Let u(c) = c**2 - 13*c + 43. Let x be u(3). Let g = x + z. What is the remainder when 62 is divided by g?
11
Suppose 59472 = 224*a + 10454 - 46182. What is the remainder when a is divided by 53?
1
Calculate the remainder when 202 is divided by ((-393)/6 + -1)*(48/(-7) + 4).
12
Let c(n) = 2*n**3 - n**2 - 12. Suppose 4*t + 348 = 4*s, -4*s + 2*t + 301 = -41. Calculate the remainder when s is divided by c(3).
18
Let r = 15034 - 14337. Calculate the remainder when r is divided by 18.
13
Let v(s) be the third derivative of -s**5/60 - 7*s**4/4 + 5*s**3/2 - 10*s**2 + 5. Calculate the remainder when 140 is divided by v(-42).
5
Suppose 208 = 5*v + 3*k, 3*v + 2*k - 4*k - 121 = 0. Suppose v*h - 1012 = 18*h. What is the remainder when h is divided by 11?
0
Let h be (-42750)/27*(-6)/5. Calculate the remainder when 20/170 + (-1)/((-34)/h) is divided by 29.
27
Suppose -g - 2*v + 71 = -3*v, -4*v = -5*g + 352. Let a = -1871 - -1828. Let i = a + g. Calculate the remainder when 122 is divided by i.
22
Suppose 4*o = -2*c - 114, -4*c - 20 - 182 = -5*o. Let p = 83 + c. Calculate the remainder when 447 is divided by p.
27
Let w be (-222)/(-8) - 144/192. Let h = 46 + 7. Calculate the remainder when (63/w)/(2/180) is divided by h.
51
Suppose 13*n = 15*n + 17*n - 1235. What is the remainder when 435 is divided by n?
45
Suppose 4*n + 16 = 0, -g = 3*g + 3*n - 44. Let w(p) = p**2 - 10*p - 16. Let u be w(-10). Let y = u + -101. What is the remainder when y is divided by g?
13
Let c = -716 - -2795. What is the remainder when c is divided by 40?
39
Let b be 4/16*(6 - -2). Suppose j = b - 1. What is the remainder when 8 is divided by j?
0
Calculate the remainder when (44 - 3) + (2 - 3) is divided by 742/212*30/7.
10
Let g = 13 - 22. Let n(v) = 7*v - 111*v**3 - 118*v**3 + 5 + 340*v**3 - 19*v - 112*v**3 - 10*v**2. Calculate the remainder when 63 is divided by n(g).
31
Suppose -2*g + 2*a + 1706 = 0, -5*a + 3167 = 4*g - 236. What is the remainder when g is divided by 14?
12
Let o(c) = c**2 + c + 3. Calculate the remainder when -24*(6 - 4)*(-8)/3 is divided by o(-6).
29
Suppose -3*h = -8*d + 3*d - 17, -h + 9 = -5*d. Suppose 8*m - h*m - 4*r - 16 = 0, -28 = -2*m - 2*r. Calculate the remainder when 26 is divided by m.
8
Suppose -9*v - 1746 = 648. Let d = 60 - v. Calculate the remainder when d is divided by 8.
6
Let t(b) be the second derivative of -b**4/12 - 6*b**3 - 72*b**2 + 3*b + 2. Calculate the remainder when t(-25) is divided by 12.
11
Suppose -3*t + 19 - 13 = 0. Suppose t*i + 27 = 7. Let f = 107 - i. What is the remainder when f is divided by 17?
15
Let i(f) = 12*f**2 + 256*f + 30. Calculate the remainder when 434 is divided by i(-22).
22
Suppose -3*u + 142 = 124. Let x be 4 - 7 - (-1 + 4/2). Calculate the remainder when u is divided by ((-2 - x) + -1)/1.
0
Suppose -m + 351 = -7*s + 2*s, 5*m + s = 1625. What is the remainder when m is divided by 170?
156
Suppose -57*i + 69*i - 336 = 0. Suppose d - 4*d + 3*g - 303 = 0, 4*d + 4*g = -412. Calculate the remainder when (11/22)/((-1)/d) is divided by i.
23
Let u be 21/(2 + (-248)/136). Let o = 132 - u. Calculate the remainder when 400 is divided by o.
10
What is the remainder when -4*(-403)/(-78)*15/(-2) is divided by 73?
9
Let i(n) = 9*n**2 - 10*n - 9. Calculate the remainder when i(-4) is divided by 25 + 7/(21/(-9)).
21
Let h(b) = 449*b - 1406. What is the remainder when h(10) is divided by 59?
16
Let r be (27/6 + -2)*(-2)/(-1). Let j = -1 + r. What is the remainder when j/6*3 - (-39 + -6) is divided by 25?
22
Suppose 0 = h + 3*m - 10, 3 = 14*m - 13*m. What is the remainder when 281 is divided by 3/((-6)/(-114)*h)?
53
Let l(q) = -30*q. Let z be l(-2). Suppose -3*y = -15*y - z. Let u(g) = -g + 20. What is the remainder when u(y) is divided by 7?
4
Let t(a) = 6*a + 111. Let l be t(-18). What is the remainder when 74 is divided by l/6 + (-4)/16*-90?
5
What is the remainder when 1239 is divided by 4/20 - (8 - (-8376)/(-20))?
6
Suppose 0 = 5*n - 79 - 246. Let h = -338 + 355. Calculate the remainder when n is divided by h.
14
Suppose -3*i - 53 = -7*w + 2*w, 0 = -5*w - 2*i + 48. Let h(f) = f**3 - 46*f**2 - 248*f + 9666. What is the remainder when h(47) is divided by w?
9
Let i(n) = 13*n + 4. Let r(w) = 12*w + 3. Let z(l) = -2*i(l) + 3*r(l). Let j be z(2). Let h = 27 + j. What is the remainder when h is divided by 17?
14
Suppose 0 = 3*z + 4*l - 171, 5*z + 1759*l - 1758*l = 251. What is the remainder when 5092 is divided by z?
45
Calculate the remainder when 3*1*((-1 - -11) + (-79351)/(-219)) is divided by 95.
72
Let a(g) = -36*g - 12. Let s be a(4). Let p = s - -81. What is the remainder when 55 is divided by (-12)/1*125/p?
15
Let o(m) = 69*m - 39. Let d be o(3). Suppose 57 = 15*n - d. Calculate the remainder when 51 is divided by n.
6
Let a = -3786 - -3790. Calculate the remainder when 523 is divided by a.
3
Let m = 53 + 7. Suppose 90*k = 91*k - 63. Suppose k = t + m. Calculate the remainder when 8 is divided by t.
2
Suppose 52 = 5*x + 27. Suppose -4*q - x*q = -315. What is the remainder when 101 is divided by q?
31
Suppose 2*y + 63*c = 58*c + 163, -5*c = -y + 59. Let z = 54 - 35. Calculate the remainder when y is divided by z.
17
Let g = 8 - 3. Suppose -58 = -3*o + 2*o + 4*m, -o + 62 = -5*m. What is the remainder when (-104)/(-6) + 28/o is divided by g?
3
Suppose 0 = -3*c + 4*n + 47, 3*c - 26*n - 43 = -21*n. Let g(d) = -7*d + 163. What is the remainder when 120 is divided by g(c)?
8
Suppose -2*n - 12 = -0. Let s be 152/n - 14/21. Calculate the remainder when s/(-65) + 653/5 is divided by 22.
21
Let n(a) = 73*a - 171. Let d be n(2). Let k(l) = -12*l**2 + 2*l. Let h be k(2). Let x = d - h. Calculate the remainder when x is divided by 7.
5
Suppose -4*c + 20 = 4*w, -6 = -4*c - 2*w + 4. Suppose -4*v - 4 = c, 4*v = -5*l + 9*v + 340. Calculate the remainder when l is divided by 4.
3
Suppose 0 = -1402*z + 1397*z + 7320. Calculate the remainder when z is divided by 19.
1
Suppose -5*r = w + w - 161, 146 = 2*w + 2*r. What is the remainder when (37/(-2))/((w/24)/(-17)) is divided by 28?
27
Suppose 3*p - 4*b - 8 = 0, -3*p - 5*b = -5 - 12. What is the remainder when (8 - p) + 2 + -4 - -22 is divided by 14?
10
Calculate the remainder when 128 is divided by (104/(-20))/(150/(-1875)).
63
Let q(a) = -48 - 49 - 148*a + 158*a. What is the remainder when q(22) is divided by 18?
1